0).
-7
Let n(j) = -j + 3. Determine n(6).
-3
Let u(b) = b**3 - 6*b**2 + 4*b + 19. What is u(4)?
3
Let o(v) = -5*v**3 - 19*v**2 + 8*v + 14. Calculate o(-4).
-2
Let a(p) = -p**3 - 11*p**2 + 4*p + 38. Give a(-11).
-6
Let x(l) = 3*l**2 - 32*l + 25. What is x(10)?
5
Let r(a) = -a**3 + 5*a**2 + 3*a - 6. Calculate r(4).
22
Let w(u) = 2*u**2 + 17*u - 33. Give w(-12).
51
Let m(q) = -q**3 - 12*q**2 - q - 3. What is m(-11)?
-113
Let k(b) = 2*b - 42. Calculate k(24).
6
Let b(d) = -7*d + 10. Give b(4).
-18
Let g(r) = -r**3 - 5*r**2 - 2*r - 2. What is g(-4)?
-10
Let x(b) = 9*b**2 - 2*b. Determine x(2).
32
Let p(r) = 2*r**2 - 28*r - 6. Determine p(16).
58
Let k(n) = -4*n - 1. What is k(2)?
-9
Let b(r) = r**3 + 16*r**2 + 4. What is b(-16)?
4
Let j(t) = -3*t + 14. Calculate j(7).
-7
Let w(a) = -a**3 + 8*a**2 - 6*a. What is w(5)?
45
Let p(y) = 2*y**2 + 4*y - 24. What is p(5)?
46
Let o(d) = -d**3 - 5*d**2 + 6*d + 10. What is o(-5)?
-20
Let q(v) = v + 42. Calculate q(-8).
34
Let z(v) = -3*v + 18. What is z(7)?
-3
Let s(v) = v**3 - 11*v**2 - 10*v - 38. Give s(12).
-14
Let y(q) = -4*q + 100. Calculate y(23).
8
Let s(c) = c**3 + 9*c**2 + 9*c. Determine s(-8).
-8
Let u(n) = 25*n - 63. Determine u(2).
-13
Let k(o) = 19*o**2 - 1. What is k(-1)?
18
Let t(i) = i**2 - 18*i + 52. Calculate t(15).
7
Let z(p) = 6*p + 103. What is z(-22)?
-29
Let q(y) = y**2 + 46*y + 235. Give q(-6).
-5
Let b(k) = -k**2 + 10*k - 11. Give b(6).
13
Let g(b) = 39*b**3 + 2*b**2 + b - 2. Give g(1).
40
Let x(u) = 4*u**3 - u - 1. Give x(-2).
-31
Let y(z) = -z**3 - 6*z**2 - 3*z + 5. Determine y(-5).
-5
Let j(n) = n**2 - 3*n + 5. Determine j(3).
5
Let a(m) = m**2 - 9*m + 21. Determine a(5).
1
Let m(q) = -q**3 + q**2 + 5*q - 1. What is m(3)?
-4
Let i(n) = -n**3 - 9*n**2 + 11*n + 18. What is i(-9)?
-81
Let x(s) = s**3 - 4*s**2 + 5*s + 4. Determine x(4).
24
Let a(w) = 2*w**2 + 3*w - 10. Calculate a(0).
-10
Let q(s) = -2*s**2 - 5*s - 5. Determine q(0).
-5
Let r(a) = -a - 5. Give r(5).
-10
Let c(l) = l**3 + 8*l**2 - 9*l + 2. Determine c(-9).
2
Let i(y) = -y**2 + 18*y - 30. What is i(16)?
2
Let u(x) = -x**2 - 41*x + 5. What is u(-41)?
5
Let p(n) = -7*n**2 + 5*n - 5. What is p(1)?
-7
Let t(r) = r**3 - 12*r**2 + 9*r + 12. Determine t(11).
-10
Let l(o) = o**3 + 4*o**2 + o + 10. What is l(-4)?
6
Let r(s) = -s**2 - 4*s - 3. Determine r(-3).
0
Let y(s) = -3*s**2 - 4*s - 26. Determine y(-8).
-186
Let g(s) = 4*s + 6. What is g(0)?
6
Let f(l) = -l**2 + 4*l - 5. Determine f(3).
-2
Let z(n) = 11*n**2 + 109*n - 22. Give z(-10).
-12
Let f(a) = 15*a - 5. Give f(4).
55
Let t(j) = 19*j + 131. What is t(-6)?
17
Let y(j) = 4*j + 3. Calculate y(3).
15
Let w(u) = 9*u - 529. Calculate w(59).
2
Let w(u) = -u**2 - 9*u - 4. What is w(-7)?
10
Let z(s) = -4*s + 97. Determine z(23).
5
Let u(o) = -o**2 + 12. Determine u(-9).
-69
Let y(q) = -3*q**2 + 17*q - 17. Give y(7).
-45
Let x(d) = -d**2 + 8*d + 3. Calculate x(4).
19
Let u(m) = -4*m**2 - 16*m + 21. Give u(-5).
1
Let t(j) = -j**3 + 19*j**2 - 19*j - 35. Calculate t(18).
-53
Let l(i) = -i**2 - 5*i + 25. Calculate l(6).
-41
Let q(w) = 5*w + 5. Determine q(6).
35
Let j(g) = -3*g**2 - 3*g + 22. Calculate j(-4).
-14
Let n(d) = -d - 32. Determine n(-24).
-8
Let s(l) = 50*l**2 - 3*l + 1. Determine s(1).
48
Let h(i) = -78*i**3 + i**2 - 4*i + 2. Give h(1).
-79
Let r(w) = -w + 3. What is r(-2)?
5
Let d(l) = 4*l**2 + 3*l + 3. What is d(-2)?
13
Let l(h) = h**2 - 17*h + 47. Calculate l(17).
47
Let i(f) = f**3 + 8*f**2 + 8*f - 3. Determine i(-7).
-10
Let f(p) = p**2 - 18*p + 1. Determine f(17).
-16
Let v(h) = -14*h - 78. Calculate v(-6).
6
Let k(f) = -f**2 - 4*f - 8. Determine k(-7).
-29
Let d(z) = -z**2 - 20*z - 84. Determine d(-11).
15
Let q(r) = 2*r**2 - 19*r + 2. Determine q(9).
-7
Let g(q) = 85*q**2 + 4*q - 6. Determine g(1).
83
Let p(o) = -3*o - 1. What is p(-5)?
14
Let k(u) = -17*u + 376. Give k(21).
19
Let b(k) = k**3 - 4*k**2 - 9*k - 14. What is b(6)?
4
Let n(c) = -c**3 + c + 3. Determine n(3).
-21
Let b(v) = -2*v**3 - 19*v**2 + 5*v - 22. What is b(-10)?
28
Let i(q) = -q**2 + 10*q. Give i(9).
9
Let r(o) = -7*o**3 + 2*o + 1. Give r(-1).
6
Let w(y) = -5*y - 27. Give w(9).
-72
Let m(t) = 6*t + 41. Determine m(-6).
5
Let s(p) = p**3 + 14*p**2 + p + 18. Determine s(-14).
4
Let c(a) = -3*a**2 + 39*a + 1. What is c(13)?
1
Let a(f) = 2*f**2 + 29*f - 10. Determine a(-15).
5
Let y(a) = a**3 - 18*a**2 - 16*a - 45. Determine y(19).
12
Let b(n) = n + 14. Give b(-6).
8
Let v(g) = g**3 + 15*g**2 + 11*g - 19. What is v(-14)?
23
Let g(o) = -2*o + 3. What is g(-24)?
51
Let w(q) = 38*q**2 + q. Calculate w(-1).
37
Let a(d) = d**2 + 15*d - 48. Calculate a(-17).
-14
Let t(v) = v**3 + v**2 - v + 2. What is t(-3)?
-13
Let a(j) = 2*j + 5. Determine a(-8).
-11
Let o(a) = 7*a**2 - 18*a - 7. Determine o(3).
2
Let r(p) = p**3 + 7*p**2 - 9*p - 6. Give r(-8).
2
Let s(r) = -6*r**2 - 9*r - 8. Calculate s(-4).
-68
Let f(a) = 5*a + 32. Give f(-6).
2
Let x(l) = -2*l**3 + 11*l**2 - 18. Calculate x(5).
7
Let p(l) = 97*l + 970. Determine p(-10).
0
Let g(p) = -5*p - 17. What is g(-4)?
3
Let i(l) = l**3 + 5*l**2 - 4*l - 4. Determine i(-4).
28
Let b(c) = -22*c - 543. Calculate b(-25).
7
Let r(a) = -4*a + 5. Give r(-8).
37
Let p(k) = -k**2 - 7*k - 14. Calculate p(-4).
-2
Let v(p) = p**2 - p + 3. Determine v(8).
59
Let j(g) = g**2 - 13*g + 11. Determine j(9).
-25
Let v(j) = j**2 + 9*j - 2. Calculate v(-6).
-20
Let s(w) = w**3 + w**2 - 10*w - 7. Calculate s(3).
-1
Let l(j) = j + 18. What is l(-7)?
11
Let y(h) = -h**2 - 2*h - 2. Give y(-3).
-5
Let n(f) = f**2 + 25*f + 10. What is n(-22)?
-56
Let f(l) = -2*l**3 + 4*l**2 + 5*l - 3. Give f(3).
-6
Let i(l) = -7*l. What is i(3)?
-21
Let h(o) = o**2 - o - 20. Determine h(-5).
10
Let c(q) = 2*q + 6. Determine c(-12).
-18
Let o(t) = t**2 + 20*t + 72. Give o(-14).
-12
Let y(s) = s**3 + 5*s**2 + 3*s - 4. Calculate y(-4).
0
Let s(i) = -43*i + 144. Calculate s(4).
-28
Let i(r) = 9*r + 8. Determine i(8).
80
Let q(z) = -13*z - 20. Give q(-8).
84
Let v(l) = -l**2 + 12*l + 15. Give v(13).
2
Let z(d) = -d**2 - 4*d + 10. What is z(-7)?
-11
Let c(p) = p**2 - 19*p - 157. Calculate c(25).
-7
Let t(r) = r**2 + 8*r + 20. Calculate t(-5).
5
Let g(n) = -n**3 + 6*n**2 + 13*n - 14. Determine g(8).
-38
Let x(b) = 16*b - 18. What is x(1)?
-2
Let n(o) = -o**3 + 12*o**2 + 19*o + 16. Give n(14).
-110
Let g(y) = 44*y + 10. What is g(-2)?
-78
Let q(v) = v**3 - 61*v**2 - 58*v - 242. What is q(62)?
6
Let o(u) = -2*u**3 - 24*u**2 - 25*u - 15. What is o(-11)?
18
Let w(n) = n**2 + 31*n + 61. Determine w(-6).
-89
Let b(r) = r**3 - 9*r**2 + 9*r - 13. Give b(8).
-5
Let b(n) = -28*n - 198. Give b(-7).
-2
Let t(p) = 2*p - 14. Give t(9).
4
Let g(j) = -56*j**3 - 5*j + 5. What is g(1)?
-56
Let n(b) = -2*b + 28. Calculate n(7).
14
Let r(i) = -i**2 - i. What is r(-2)?
-2
Let t(d) = d**2 + 24*d - 152. What is t(-29)?
-7
Let t(a) = a + 7. Determine t(2).
9
Let b(h) = 6*h + 5. Give b(-4).
-19
Let l(y) = y**3 + 11*y**2 + 16*y - 13. Determine l(-9).
5
Let r(m) = 22*m - 1004. Determine r(46).
8
Let u(a) = -a**2 + 5*a + 1. What is u(7)?
-13
Let z(y) = y**2 + 14*y - 40. Calculate z(0).
-40
Let d(z) = -z**2 - z - 12. What is d(0)?
-12
Let a(n) = n**3 - n**2 - 2. Give a(0).
-2
Let o(l) = 7*l**2 - 3*l - 4. Calculate o(-3).
68
Let v(i) = -i**2 + i + 8. Determine v(4).
-4
Let x(t) = -t**3 + 9*t**2 - 17*t. Give x(5).
15
Let u(k) = k**2 - 14*k + 64. Give u(7).
15
Let u(g) = g**2 + 6*g + 7. What is u(-1)?
2
Let d(w) = w + 6. Give d(-6).
0
Let u(v) = -v**2 - 10*v + 4. Give u(-11).
-7
Let r(u) = -u**2 + 6*u - 5. Determine r(4).
3
Let g(h) = 2*h - 26. What is g(11)?
-4
Let q(v) = 8*v**2 + v + 1. Calculate q(-2).
31
Let o(b) = -b**2 + 25*b - 119. What is o(7)?
7
Let n(d) = -d**3 - 3*d**2 + 8*d - 4. Determine n(-5).
6
Let b(c) = 5*c + 22. Calculate b(-5).
-3
Let c(a) = a**3 - 6*a**2 - 7*a + 11. Give c(7).
11
Let v(l) = 21*l + 1. Determine v(1).
22
Let r(q) = -3*q + 13. Calculate r(-6).
31
Let z(c) = -c - 16. Give z(-4).
-12
Let c(l) = -l**2 - 45*l - 200. Determine c(-40).
0
Let d(m) = -m**2 - 6*m - 8. What is d(-4)?
0
Let l(k) = -k**3 - 9*k**2 - 7*k + 7. Give l(-8).
-1
Let m(p) = p**3 - 17*p**2 + 15*p - 19. What is m(16)?
-35
Let o(k) = -4*k - 67. What is o(-14)?
-11
Let u(o) = -o**2 + 6*o + 10. Determine u(8).
-6
Let t(s) = 2*s - 1. What is t(8)